he prime factors of a.
2, 3
Suppose 3*u + 0*o = -2*o + 2, -5*u - 5*o = 5. Suppose 0 = b - u*b + 42. What are the prime factors of b?
2, 7
Let d(r) = r**2 + 2*r - 7. Let b be d(-5). Let i = b + 5. List the prime factors of i.
13
Let w(n) = -n + 5. Let k be w(3). Let z(o) = o - 4. Let m be z(0). Let j = k - m. List the prime factors of j.
2, 3
Let y(g) be the first derivative of -g**3/3 + 7*g**2/2 - 4*g - 1. List the prime factors of y(4).
2
Suppose 5 = -x + 2. Let y be (38/(-4))/(2/(-4)). Let l = x + y. List the prime factors of l.
2
Let b(r) be the first derivative of -r**2/2 - 5*r + 1. Let k be b(-6). Suppose -4 - k = -q. What are the prime factors of q?
5
Let m(w) = -w**3 - 13*w**2 - 11*w - 17. List the prime factors of m(-13).
2, 3, 7
Suppose -6*n + 36 = -2*n. Let g = 9 - 5. Suppose -g*f = 3*k - n, 7 = 3*f - 0*f + 2*k. What are the prime factors of f?
3
List the prime factors of 1/(((-7)/76)/(-7)).
2, 19
Let n(i) = -i**2 - 8*i - 9. Suppose -2*k - 6 = 6. List the prime factors of n(k).
3
Let f be 18/5 - (-6)/(-10). Suppose -6*u + u = -4*q + 27, 0 = -q - 2*u - f. List the prime factors of q.
3
Suppose -4*v + 0 = 2*r + 16, 0 = 4*r - 3*v - 12. Suppose 0 = c + 4*t - 55, r*t = 5*c - 4*t - 347. Suppose -c = -4*f - 15. List the prime factors of f.
13
Let s be (7 + 1)/(4/2). Suppose s = c - 9. What are the prime factors of c?
13
Suppose 12 = -p + 4*p. Suppose -3*m + 104 = p*y, -4*y + 3*m + 132 = -m. List the prime factors of y.
29
What are the prime factors of -4 - 3*-6*4?
2, 17
Let z be (-104)/12*(-3)/1. Suppose -2*d = -z + 2. List the prime factors of d.
2, 3
Let f(u) = u**3 - 8*u**2 + 7*u + 2. Let d be f(7). Suppose 0 = -4*v + d*p + 22, 3*v - 2*p + 0*p - 15 = 0. Suppose -v*w + 2*w = -10. List the prime factors of w.
2
What are the prime factors of (-2 - 450/24)/((-3)/12)?
83
Suppose -2*l + 5*n = -465, 3*l + 438 = 5*l + 4*n. List the prime factors of l.
3, 5
Let t = 24 + 250. List the prime factors of t.
2, 137
Suppose d - 368 = -d - 4*o, 5*o = -2*d + 366. What are the prime factors of d?
2, 47
Let v(w) be the second derivative of 3*w**3/2 - w. Suppose 2*z - 4 = -0*z. List the prime factors of v(z).
2, 3
Suppose 3*l + l = -r - 1, 4*r - 61 = -3*l. List the prime factors of r.
19
Suppose -11 - 15 = -w. What are the prime factors of w?
2, 13
Let n = -21 - -1. What are the prime factors of n/(-1 - 3) + -2?
3
Suppose -68 + 28 = -4*j. List the prime factors of j.
2, 5
Suppose 2*z - 5*p - 89 = 0, -3*p - 251 = -7*z + 2*z. Let c = z - 31. List the prime factors of c.
3, 7
Let x = -3 + 5. Suppose -8 = x*k - 2, 5*k + 15 = 2*y. Suppose u + y*u = 9. What are the prime factors of u?
3
Let r(k) = k - 2. Let m be r(-5). Let d = -4 - m. Suppose d + 3 = 3*s. What are the prime factors of s?
2
Let r(q) = 4*q**2 - 21*q + 48. What are the prime factors of r(12)?
2, 3, 31
Let y = -7 + 10. Suppose -3 = y*v - 57. List the prime factors of v.
2, 3
Suppose -14 = -3*w - 4*g + 16, 40 = 4*w + g. List the prime factors of w/(-1)*(-35)/14.
5
Let y(t) = -3*t - 4. Let i be y(6). Let m = -5 - i. What are the prime factors of m?
17
Suppose 14 = 5*a - 1. Let t(g) = 7*g**2 - 11 + 0*g**a - g**3 + 2*g + 2. List the prime factors of t(7).
5
What are the prime factors of 34 - (3 + (0 - 3))?
2, 17
Let u(h) be the third derivative of -h**6/120 - h**5/5 - 11*h**4/24 + 2*h**3/3 - 4*h**2. What are the prime factors of u(-11)?
2
Suppose 3*b - 8*f + 4*f = 203, -2*b - 3*f = -107. List the prime factors of b.
61
Suppose p + 13 = 3*f, -2*f + 4*p = -3*f - 13. Let s(v) = v**2 - 2*v - 3. Let n be s(4). Suppose -n = -d + f. List the prime factors of d.
2
Let z = 11 + -8. Suppose -z*i + 50 = 2*i + 5*g, 0 = -2*i + 2*g + 28. What are the prime factors of i?
2, 3
Let a = 25 - 17. Let y = -3 + a. Suppose 4*q = y*c - 29 - 22, 5*q + 6 = c. List the prime factors of c.
11
Let c = 184 + -74. List the prime factors of c.
2, 5, 11
Suppose -19 = -2*j + 3*b, -2*b - 40 = -4*j - 14. Suppose -p + 55 = 2*p - 2*k, 2*k = -j*p + 97. What are the prime factors of -1 + p - 0/(-3)?
2, 3
Suppose -5*j = 18 + 47. Let r = j + 38. What are the prime factors of r?
5
Let a(k) = k**2 + 7*k + 7. Let d be 2*1/2 + -9. List the prime factors of a(d).
3, 5
Let o be -2*(-2 - 2/(-4)). Let t be (-2)/(-4)*2 + o. Suppose -t*n + 7*n - 45 = 0. What are the prime factors of n?
3, 5
Let o(y) be the second derivative of -5*y**3/6 + y**2/2 + 2*y. List the prime factors of o(-4).
3, 7
Let j be 3/(3/24*6). Suppose j*w - 44 = 52. What are the prime factors of w?
2, 3
Let a = 1 + 2. Suppose a*n = k + 4*k - 67, 5*k - 51 = -n. Suppose -6*j + k*j = 45. List the prime factors of j.
3
Suppose -2*p = -2*d + 12, -2*p + 6*p + 16 = 2*d. Let o = -14 - -25. Suppose 0 = 2*c - 3*i - o, -d*c - 2*i = -30 - 16. List the prime factors of c.
2, 5
Suppose 2*c + 20 = -2*c - 4*o, 4*c + 16 = -2*o. Let p(i) = 3*i**2 + i + 1. What are the prime factors of p(c)?
5
Suppose 0*m = 4*m - 344. List the prime factors of m.
2, 43
Let h = 50 + -28. List the prime factors of h.
2, 11
Suppose -30 = -v - 0*w + 3*w, -81 = -4*v - w. What are the prime factors of (-6)/v - (-191)/7?
3
Let a(t) = 2*t**2 - t + 1. Let z be a(1). Suppose 18 - 2 = -4*v, s + 27 = -5*v. Let l = z - s. List the prime factors of l.
3
Let t = 12 - -23. What are the prime factors of t?
5, 7
Let p = 102 + -22. List the prime factors of p.
2, 5
Suppose d - 39 = 58. List the prime factors of d.
97
Suppose -25 = -0*r - 5*r. Suppose -r*l = -76 - 89. Suppose t - 4*t + l = 0. List the prime factors of t.
11
Suppose -3*i + 5*t + 398 = 0, -i - 2*i = -3*t - 402. What are the prime factors of i?
2, 17
Suppose q + 17 = 73. Let r = q - 32. Suppose -4*u - r = -2*i - 0*i, 2*i = -u + 9. List the prime factors of i.
2, 3
Suppose -3*f + 5*f - 18 = 0. Let q = f - -1. What are the prime factors of q?
2, 5
Let n = 10 + -6. Suppose -4 = -n*r + 3*s - 2, -2*r + s = 0. What are the prime factors of 8 + 2 - (0 + r)?
11
Let g(u) = -u**2 + 13*u + 13. Suppose 25 = 3*z - 5. List the prime factors of g(z).
43
Suppose -5*c = -4*t - 14, 2*t + 4 + 8 = 5*c. Let k = t - 2. Let u(h) = h**2 + h - 4. What are the prime factors of u(k)?
2
Let b = -132 + 319. What are the prime factors of b?
11, 17
Suppose -119 = -4*p - 0*g - g, -2*g - 32 = -p. What are the prime factors of p?
2, 3, 5
Let z = -12 + 35. List the prime factors of z.
23
Suppose 3*u + 0*u = 78. List the prime factors of u.
2, 13
Suppose 3*p - 106 = 4*r, -2*p + 68 - 2 = 2*r. Let l = p + -23. List the prime factors of l.
11
Let o(c) = -7*c + 2 + 2 + 2*c**2 + 1. List the prime factors of o(4).
3
What are the prime factors of 20/(-90) + 130/18?
7
Let j(u) = -4*u - 7. Let d be j(-5). Suppose -p = -4 - d. List the prime factors of p.
17
Let m = -2 - -1. Let g be 9*(m/(-3) - 0). Suppose 0*d - g*d = -33. What are the prime factors of d?
11
Let x be (-1)/2 - 14/(-4). Suppose 2*t = x*t - 8. What are the prime factors of t?
2
Let r(h) = -21*h - 4. List the prime factors of r(-2).
2, 19
Let t(o) = 50*o**2 + 2*o. What are the prime factors of t(1)?
2, 13
Suppose 3*o - 3*n - 90 = 0, -3*o + 2*n = -0*o - 95. What are the prime factors of o?
5, 7
Suppose -p + 79 = 5*r - 2*p, r + 5*p = 21. Suppose -h + r = h. List the prime factors of h.
2
Let x = -14 + 19. Suppose -107 = -x*k + 2*r, -5*k + 5*r - r = -99. What are the prime factors of k?
23
Suppose -716 = -5*j - 2*f, -6*f + 10*f + 440 = 3*j. List the prime factors of j.
2, 3
Let h be 2/7 + (-370)/70. Suppose 33 = 3*d - 5*x, 4*d - 44 = -0*x - x. Let q = d + h. What are the prime factors of q?
2, 3
Suppose -6*s + 2*s = -224. What are the prime factors of s?
2, 7
Suppose 5*g - 2 = 28. Suppose m - 4*r + 89 = g*m, 4*m - r = 67. List the prime factors of m.
17
Let p(x) = 3*x**2 - 7*x + 9. List the prime factors of p(3).
3, 5
Let x = 37 + 91. List the prime factors of x.
2
Suppose 0 = -0*h + 4*h. Suppose 2*w + 266 = 4*k - h*w, k - 5*w - 89 = 0. Suppose i = -3*i + k. List the prime factors of i.
2
Let n = -133 - -247. List the prime factors of n.
2, 3, 19
Suppose w - 5*n + 20 = -0*n, 7 = -2*w - n. Let c = -5 - w. List the prime factors of 3*((c - 0) + 6).
2, 3
Suppose -4*a = -195 - 205. Suppose 5*k - a = k. Let j = -15 + k. What are the prime factors of j?
2, 5
Let t be (-9)/6 - 2/(-4). Let h be ((-1)/(-2))/(t/4). What are the prime factors of 13 - (h - -5 - 1)?
11
